{"id":190,"date":"2024-07-05T14:32:25","date_gmt":"2024-07-05T12:32:25","guid":{"rendered":"http:\/\/prepa-litteraire-chaptal.fr\/?page_id=190"},"modified":"2025-01-05T13:31:39","modified_gmt":"2025-01-05T12:31:39","slug":"nos-resultats","status":"publish","type":"page","link":"https:\/\/prepa-litteraire-chaptal.fr\/index.php\/nos-resultats\/","title":{"rendered":"Nos r\u00e9sultats"},"content":{"rendered":"\n<p>Chaque ann\u00e9e, au mois de novembre, est organis\u00e9 un Forum des Ancien\u00b7nes \u00e9l\u00e8ves du Lyc\u00e9e Chaptal permettant de d\u00e9couvrir les parcours tr\u00e8s riches et vari\u00e9s d\u2019ancien\u00b7nes chaptalien\u00b7nes.<\/p>\n\n\n\n<p>Parmi les ancien\u00b7nes venu\u00b7es nous pr\u00e9senter leurs parcours ces derni\u00e8res ann\u00e9es, figuraient des enseignant\u00b7es-chercheur\u00b7ses en litt\u00e9rature, g\u00e9ographie ou langues, un journaliste \u00e0 France 24, une assistante parlementaire pour un d\u00e9put\u00e9, une sc\u00e9nariste et humoriste de stand-up, mais \u00e9galement des \u00e9l\u00e8ves sp\u00e9cialis\u00e9\u00b7es dans les domaines de la s\u00e9curit\u00e9 internationale, de la communication d\u2019entreprise, et m\u00eame de la sommellerie\u00a0!<\/p>\n\n\n\n<p>Quelques exemples des r\u00e9sultats obtenus par les \u00e9l\u00e8ves du Lyc\u00e9e Chaptal aux concours ces derni\u00e8res ann\u00e9es&nbsp;:<\/p>\n\n\n\n<ul class=\"wp-block-list\">\n<li><strong>2024<\/strong>\u00a0: 1 admise \u00e0 l\u2019ENS Lyon, 3 admises \u00e0 l\u2019ENS Paris-Saclay, 2 admises au CELSA, 1 admise \u00e0 Sciences Po Saint-Germain en Laye, 1 admis \u00e0 l\u2019ESM St-Cyr<\/li>\n<\/ul>\n\n\n\n<ul class=\"wp-block-list\">\n<li><strong>2023<\/strong>\u00a0: 3 admis \u00e0 l\u2019ENS Paris-Saclay, 1 admis \u00e0 Sciences Po Lyon, 2 admis \u00e0 Sciences Po Lille, 1 admis \u00e0 Sciences Po Saint-Germain en Laye, 1 admis \u00e0 Sciences Po Strasbourg, 1 admis \u00e0 Sciences Po Fontainebleau, 3 admis au CELSA, 1 admis \u00e0 l\u2019EDHEC, 2 admis \u00e0 l\u2019EM Lyon<\/li>\n<\/ul>\n\n\n\n<ul class=\"wp-block-list\">\n<li><strong>2022\u00a0: <\/strong>2 admises \u00e0 l\u2019ENS Lyon, 3 admises \u00e0 l\u2019ENS Paris-Saclay, 1 admis \u00e0 l\u2019ESSEC, 1 admis \u00e0 l\u2019EDHEC, 1 admise \u00e0 Sciences Po Saint Germain en Laye, 1 admise au CELSA<\/li>\n<\/ul>\n","protected":false},"excerpt":{"rendered":"<p>Chaque ann\u00e9e, au mois de novembre, est organis\u00e9 un Forum des Ancien\u00b7nes \u00e9l\u00e8ves du Lyc\u00e9e Chaptal permettant de d\u00e9couvrir les parcours tr\u00e8s riches et vari\u00e9s [&#8230;]<\/p>\n","protected":false},"author":1,"featured_media":0,"parent":0,"menu_order":0,"comment_status":"closed","ping_status":"closed","template":"","meta":{"footnotes":""},"class_list":["post-190","page","type-page","status-publish","hentry"],"_links":{"self":[{"href":"https:\/\/prepa-litteraire-chaptal.fr\/index.php\/wp-json\/wp\/v2\/pages\/190","targetHints":{"allow":["GET"]}}],"collection":[{"href":"https:\/\/prepa-litteraire-chaptal.fr\/index.php\/wp-json\/wp\/v2\/pages"}],"about":[{"href":"https:\/\/prepa-litteraire-chaptal.fr\/index.php\/wp-json\/wp\/v2\/types\/page"}],"author":[{"embeddable":true,"href":"https:\/\/prepa-litteraire-chaptal.fr\/index.php\/wp-json\/wp\/v2\/users\/1"}],"replies":[{"embeddable":true,"href":"https:\/\/prepa-litteraire-chaptal.fr\/index.php\/wp-json\/wp\/v2\/comments?post=190"}],"version-history":[{"count":3,"href":"https:\/\/prepa-litteraire-chaptal.fr\/index.php\/wp-json\/wp\/v2\/pages\/190\/revisions"}],"predecessor-version":[{"id":745,"href":"https:\/\/prepa-litteraire-chaptal.fr\/index.php\/wp-json\/wp\/v2\/pages\/190\/revisions\/745"}],"wp:attachment":[{"href":"https:\/\/prepa-litteraire-chaptal.fr\/index.php\/wp-json\/wp\/v2\/media?parent=190"}],"curies":[{"name":"wp","href":"https:\/\/api.w.org\/{rel}","templated":true}]}}

Nos résultats

<p>Chaque année, au mois de novembre, est organisé un Forum des Ancien·nes élèves du Lycée Chaptal permettant de découvrir les parcours très riches et variés d’ancien·nes chaptalien·nes.</p>



<p>Parmi les ancien·nes venu·es nous présenter leurs parcours ces dernières années, figuraient des enseignant·es-chercheur·ses en littérature, géographie ou langues, un journaliste à France 24, une assistante parlementaire pour un député, une scénariste et humoriste de stand-up, mais également des élèves spécialisé·es dans les domaines de la sécurité internationale, de la communication d’entreprise, et même de la sommellerie !</p>



<p>Quelques exemples des résultats obtenus par les élèves du Lycée Chaptal aux concours ces dernières années&nbsp;:</p>



<ul class="wp-block-list">
<li><strong>2024</strong> : 1 admise à l’ENS Lyon, 3 admises à l’ENS Paris-Saclay, 2 admises au CELSA, 1 admise à Sciences Po Saint-Germain en Laye, 1 admis à l’ESM St-Cyr</li>
</ul>



<ul class="wp-block-list">
<li><strong>2023</strong> : 3 admis à l’ENS Paris-Saclay, 1 admis à Sciences Po Lyon, 2 admis à Sciences Po Lille, 1 admis à Sciences Po Saint-Germain en Laye, 1 admis à Sciences Po Strasbourg, 1 admis à Sciences Po Fontainebleau, 3 admis au CELSA, 1 admis à l’EDHEC, 2 admis à l’EM Lyon</li>
</ul>



<ul class="wp-block-list">
<li><strong>2022 : </strong>2 admises à l’ENS Lyon, 3 admises à l’ENS Paris-Saclay, 1 admis à l’ESSEC, 1 admis à l’EDHEC, 1 admise à Sciences Po Saint Germain en Laye, 1 admise au CELSA</li>
</ul>

<p>Chaque année, au mois de novembre, est organisé un Forum des Ancien·nes élèves du Lycée Chaptal permettant de découvrir les parcours très riches et variés [&#8230;]</p>
