{"id":58,"date":"2024-07-04T23:07:22","date_gmt":"2024-07-04T21:07:22","guid":{"rendered":"http:\/\/prepa-litteraire-chaptal.fr\/?page_id=58"},"modified":"2024-08-19T22:10:17","modified_gmt":"2024-08-19T20:10:17","slug":"preparer-la-rentree","status":"publish","type":"page","link":"https:\/\/prepa-litteraire-chaptal.fr\/index.php\/preparer-la-rentree\/","title":{"rendered":"Pr\u00e9parer la rentr\u00e9e"},"content":{"rendered":"\n<p>Bienvenue sur le site de la classe pr\u00e9paratoire litt\u00e9raire du lyc\u00e9e Chaptal, \u00e0 Paris.<\/p>\n\n\n\n<h2 class=\"wp-block-heading\">La rentr\u00e9e 2024<\/h2>\n\n\n\n<ul class=\"wp-block-list\">\n<li>Dimanche 1er septembre, 18h-19h : rentr\u00e9e des internes de CPGE (repas non assur\u00e9)<\/li>\n\n\n\n<li>Lundi 2 septembre, 8h : rentr\u00e9e des classes pr\u00e9paratoires de deuxi\u00e8me ann\u00e9e (kh\u00e2gnes)<\/li>\n\n\n\n<li>Lundi 2 septembre, 8h30 : rentr\u00e9e de l&rsquo;hypokh\u00e2gne<\/li>\n<\/ul>\n\n\n\n<p>La demi-pension d\u00e9marre le lundi 2 septembre pour les pr\u00e9pas.<\/p>\n\n\n\n<hr class=\"wp-block-separator has-alpha-channel-opacity\"\/>\n\n\n\n<h2 class=\"wp-block-heading\">Les recommandations d&rsquo;\u00e9t\u00e9<\/h2>\n\n\n\n<p>T\u00e9l\u00e9charger le <a href=\"http:\/\/prepa-litteraire-chaptal.fr\/wp-content\/uploads\/2024\/07\/Recos-CPGE-litteraire-24-25.pdf\" target=\"_blank\" rel=\"noreferrer noopener\">cahier de recommandations pour l&rsquo;\u00e9t\u00e9 2024<\/a>, pour toutes les classes de la f<\/p>\n","protected":false},"excerpt":{"rendered":"<p>Bienvenue sur le site de la classe pr\u00e9paratoire litt\u00e9raire du lyc\u00e9e Chaptal, \u00e0 Paris. La rentr\u00e9e 2024 La demi-pension d\u00e9marre le lundi 2 septembre pour [&#8230;]<\/p>\n","protected":false},"author":1,"featured_media":0,"parent":0,"menu_order":0,"comment_status":"closed","ping_status":"closed","template":"","meta":{"footnotes":""},"class_list":["post-58","page","type-page","status-publish","hentry"],"_links":{"self":[{"href":"https:\/\/prepa-litteraire-chaptal.fr\/index.php\/wp-json\/wp\/v2\/pages\/58","targetHints":{"allow":["GET"]}}],"collection":[{"href":"https:\/\/prepa-litteraire-chaptal.fr\/index.php\/wp-json\/wp\/v2\/pages"}],"about":[{"href":"https:\/\/prepa-litteraire-chaptal.fr\/index.php\/wp-json\/wp\/v2\/types\/page"}],"author":[{"embeddable":true,"href":"https:\/\/prepa-litteraire-chaptal.fr\/index.php\/wp-json\/wp\/v2\/users\/1"}],"replies":[{"embeddable":true,"href":"https:\/\/prepa-litteraire-chaptal.fr\/index.php\/wp-json\/wp\/v2\/comments?post=58"}],"version-history":[{"count":2,"href":"https:\/\/prepa-litteraire-chaptal.fr\/index.php\/wp-json\/wp\/v2\/pages\/58\/revisions"}],"predecessor-version":[{"id":375,"href":"https:\/\/prepa-litteraire-chaptal.fr\/index.php\/wp-json\/wp\/v2\/pages\/58\/revisions\/375"}],"wp:attachment":[{"href":"https:\/\/prepa-litteraire-chaptal.fr\/index.php\/wp-json\/wp\/v2\/media?parent=58"}],"curies":[{"name":"wp","href":"https:\/\/api.w.org\/{rel}","templated":true}]}}

Préparer la rentrée

<p>Bienvenue sur le site de la classe préparatoire littéraire du lycée Chaptal, à Paris.</p>



<h2 class="wp-block-heading">La rentrée 2024</h2>



<ul class="wp-block-list">
<li>Dimanche 1er septembre, 18h-19h : rentrée des internes de CPGE (repas non assuré)</li>



<li>Lundi 2 septembre, 8h : rentrée des classes préparatoires de deuxième année (khâgnes)</li>



<li>Lundi 2 septembre, 8h30 : rentrée de l&rsquo;hypokhâgne</li>
</ul>



<p>La demi-pension démarre le lundi 2 septembre pour les prépas.</p>



<hr class="wp-block-separator has-alpha-channel-opacity"/>



<h2 class="wp-block-heading">Les recommandations d&rsquo;été</h2>



<p>Télécharger le <a href="http://prepa-litteraire-chaptal.fr/wp-content/uploads/2024/07/Recos-CPGE-litteraire-24-25.pdf" target="_blank" rel="noreferrer noopener">cahier de recommandations pour l&rsquo;été 2024</a>, pour toutes les classes de la f</p>

<p>Bienvenue sur le site de la classe préparatoire littéraire du lycée Chaptal, à Paris. La rentrée 2024 La demi-pension démarre le lundi 2 septembre pour [&#8230;]</p>
